2*k = -3*k + g, k = t*n + 3. Calculate p(n).
-4
Let w(v) be the first derivative of -7*v**2/2 - 4*v + 202. Let h(b) = b**3 - 7*b**2 - b + 4. Let m be h(7). Calculate w(m).
17
Let t(c) be the third derivative of -c**6/120 + 7*c**5/60 - 7*c**4/24 + 8*c**2 - 2. Determine t(6).
-6
Let p(g) = -25 + g**2 + 23 - 4*g + 7*g. Calculate p(0).
-2
Suppose 3*t - 4*z + 2 - 6 = 0, -5*t - 4*z + 28 = 0. Let x be t*1/(-34) + 2/17. Let f(a) be the second derivative of -a**3/6 - 5*a**2 - a. What is f(x)?
-10
Let l(z) be the first derivative of z**4/4 + z**3 - 2*z - 11. Let d = 84 + -86. What is l(d)?
2
Let x(n) be the second derivative of -n**3/6 + 19*n**2/2 - 2*n - 20. Give x(13).
6
Let p(r) = -10*r**2 + 5*r - 11. Let u(i) = 3*i**2 - 2*i + 4. Let o(q) = -2*p(q) - 7*u(q). Suppose 0*g = g - s - 3, -5*s + 5 = 0. What is o(g)?
-6
Let x(c) = 3*c + 4 + 0 - 6*c. Let l = 139 - 144. Determine x(l).
19
Let q(k) = 108*k + 114*k - 214*k + 1. What is q(3)?
25
Let z(r) = -4*r - 7*r + 6*r - 2 - 4*r. Suppose 2*y - 3 = 4*i + 25, 0 = 3*y - 2*i - 22. Let j(x) = 9*x + 3. Let w(p) = y*z(p) + 3*j(p). What is w(1)?
-8
Let h(a) be the third derivative of -a**7/5040 + a**6/360 + 5*a**5/12 - 5*a**2. Let t(p) be the third derivative of h(p). What is t(-5)?
7
Let y(q) = 34*q**2 - 2*q + 1. Suppose -g = -5*h - 11, 2*g + 6*h = 3*h - 4. Give y(g).
33
Let w(y) = -6*y + 11*y + 42*y**3 - 43*y**3 - 4*y**2 - 3. Give w(-4).
-23
Let z(i) = -i - 8. Let c be (-4)/10 - (-64)/10. Suppose 0 = c*p - 9*p - 18. What is z(p)?
-2
Let u(z) be the third derivative of 0*z**3 + 7/24*z**4 + 0*z**5 + 0*z + 0 - z**2 - 1/360*z**6. Let m(a) be the second derivative of u(a). What is m(-5)?
10
Suppose -3 = -w, -2*y = 5*w - 7 - 6. Let v(o) = o**3 - 10*o**2 + 3. Let q be v(10). Let l(d) = 5*d**3 + 2 - d**2 - 2*d**q - 1 + d. Determine l(y).
-4
Let i(t) = -t + 1. Let b be 3504/(-1460)*(-3)/((-6)/(-5)). Calculate i(b).
-5
Let p(u) = 20 + u - 3*u + 3*u. Let f be p(-14). Let i(a) = 3 + f*a + a**3 + 0*a**2 - 5 + 3*a**2 - 2*a**3. What is i(4)?
6
Let f(r) = -r - 7. Let t be f(-7). Suppose t = 2*z - 4 - 0. Let h(b) = b - 5. Let c(o) = -o + 1. Let j(d) = -4*c(d) - h(d). What is j(z)?
7
Let y = -739 + 732. Let u(i) = -i**3 - 7*i**2 - 5*i - 4. Give u(y).
31
Let s be (-6*(-8)/96)/(1/8). Suppose -g + 25 - 2 = 4*z, -s*z = -16. Let m(x) = x**3 - 8*x**2 + 6*x + 6. Determine m(g).
-1
Suppose -3*w - 2*l + 1 = -2, 0 = -5*w + 5*l + 5. Let t(c) be the second derivative of c**5/20 - c**4/12 + c**2/2 - 844*c. Give t(w).
1
Let g be (312/26)/(-1 + 3). Let j(f) = f**3 - 7*f**2 + 5*f + 12. Give j(g).
6
Suppose -4*c = 4*z - 36, 5*c - 39 = -z - 2*z. Suppose c*g + 42 - 66 = 0. Let n(r) = -r**3 + 4*r**2 + 3*r - 4. Calculate n(g).
8
Let u(s) = s**3 + s**2. Let y be u(1). Let l(b) = b - 4. Let k(a) = 3*a - 2*a - 2 + 1. Let r(t) = y*k(t) - l(t). Calculate r(3).
5
Let f be 3 - 5/(8 - 3). Let p = -5 + 9. Let h(l) = l**2 + 13*l - f + 5 - p*l. Determine h(-6).
-15
Let s(p) = 19*p - p**2 + 3 + 11*p - 55*p + 29*p. Give s(7).
-18
Suppose 6*i + 3 = 3*i. Let k(t) = t**2 - 1. Let m(l) = -l**3 + 9*l**2 + 5*l + 6. Let c(a) = i*m(a) + 3*k(a). Give c(7).
5
Let r(n) = n**2 - 4*n - 6. Let p be r(6). Suppose -6 = -p*j + 3*j. Let z(s) = -j - 2 + 2*s + 2 - 2. Determine z(5).
6
Let d(k) = -k + 10. Let v be d(7). Let r(p) be the third derivative of 0*p + 1/6*p**v + 0 + 6*p**2 - 1/8*p**4. Determine r(-4).
13
Let j(o) = -7*o + 69. Let l be j(9). Let q(m) = m - l*m + 13*m. Calculate q(1).
8
Let x(w) = w + 3. Suppose -8 + 1 = -p. Let a = -222 - -227. Suppose -3*y = p + a. What is x(y)?
-1
Let c be (39/(-9))/((-2)/(-12)). Let b = c + 26. Let g(n) = -n - 4. Determine g(b).
-4
Let w(u) = -u**2 - 15*u + 9. Suppose 39*n = 24*n - 210. What is w(n)?
23
Let z(q) = -q - 1 + 2 + 1 + 6 + 0. What is z(0)?
8
Let l be 15/15*(0 - -5). Suppose -l*i - t - 4*t + 10 = 0, -5*i + 5*t = -40. Let a(c) = 7 - 2*c**2 + i*c - 2 - 3 - 3. Determine a(4).
-13
Let d(f) = -f**2 + 4*f + 3. Let o(s) = s**2 - 5*s - 4. Let m be 3/(-2) + 6/(-4). Let a(y) = m*o(y) - 4*d(y). Let v be (-28)/12 + (-1)/(-3). What is a(v)?
6
Let a(s) = -s**3 - s**2 + 1. Suppose -15*g + 10*g + 10 = 0. Let o be (1/g)/((-3)/(-126)). Let v be (-10)/4 - o/(-42). Give a(v).
5
Let y(a) = -922*a**2 + 1 + 2*a - 930*a**2 + 1857*a**2. Give y(-1).
4
Let n be ((-16)/14)/(-2*13/364). Let h(s) = -s**3 + 15*s**2 + 16*s + 19. What is h(n)?
19
Let l(r) = -17*r**3 - 7*r + 7*r**2 + 36*r**3 + 6 - 18*r**3. Determine l(-8).
-2
Let o(l) = -l**2 - l - 26. Suppose z = -17*z + 3*z. What is o(z)?
-26
Let h(n) = n**3 + 6*n**2 + 4*n - 4. Let z be h(-5). Let o = 4 + z. Let b(c) be the first derivative of -c**4/4 + 4*c**3/3 + 5*c**2/2 + 4*c + 2. Calculate b(o).
4
Let q(m) = m - 7. Let d(l) be the first derivative of l**2 - l - 3. Let z(h) = -h + 1. Let a(s) = -d(s) - 3*z(s). Let v be a(2). What is q(v)?
-7
Suppose 9 = -4*o + 29. Let g(t) = -t - 1. Let f(u) = 3*u + 1. Let b(p) = 2*f(p) + 4*g(p). Give b(o).
8
Let h(s) be the third derivative of 1/120*s**5 + 0 - 5*s**2 + 0*s + 4/3*s**3 + 1/12*s**4. Let o(c) be the first derivative of h(c). Determine o(-2).
0
Let r(c) be the third derivative of c**6/120 - c**5/12 - c**4/8 - c**3/6 - 6*c**2. Let i = -166 - -172. Give r(i).
17
Suppose -2*x = -6*x + 8. Suppose x*g = -3*g + 10. Let y(k) = -k + 0*k + 141*k**2 + 143*k**2 - 1 + k**3 - 284*k**2. Calculate y(g).
5
Let s(n) be the second derivative of -n**3/3 + n**2 - 2*n - 8. What is s(5)?
-8
Let n(z) = 12*z + 10. Let x(q) = 4*q + 4. Let h(j) = 3*n(j) - 8*x(j). Calculate h(-2).
-10
Suppose 13 + 7 = 4*b. Suppose 0*q - 3*q = b*g + 49, -2*q = 3*g + 34. Let o be q/(-4) + 7/28. Let z(x) = x - 5. Determine z(o).
1
Let l(r) = 16*r**2 - 2*r + 2. Let w be l(1). Suppose 14 = -4*q + 2*j - w, 15 = -5*j. Let a be (2/(-3))/((-6)/q). Let v(k) = -k**2 - k + 1. What is v(a)?
1
Let s(z) = -5*z + 16. Let b be s(4). Let r(d) = -d**3 - 6*d**2 + 4. Calculate r(b).
-28
Let w(r) be the third derivative of r**5/60 + r**4/24 - r**3/6 - 2*r**2 + 27*r. What is w(2)?
5
Suppose -3*h + o = -o - 10, -5*h + 4*o + 18 = 0. Let v(p) = -2 + 4 - 4 - h*p. Suppose z - 15 = 3*g, 0 = 5*z - g + 1039 - 1030. What is v(z)?
4
Let u(l) = l**2 - 7*l + 2. Let a be 40/6*(-12)/10. Let m = 14 + a. Calculate u(m).
-4
Suppose -5*l + q = 5*q + 25, -4*q - 17 = -3*l. Let z(i) = -12*i**2. What is z(l)?
-12
Let h(m) be the second derivative of 0 - 1/12*m**4 + 64*m + 0*m**3 - 5*m**2. Suppose 3*f = f. What is h(f)?
-10
Let s(v) be the second derivative of v**4/12 + v**3/6 - v. Let g be s(0). Let m(p) = g + 2*p - p**3 + 1 - 3*p**2 + 4*p**2 + 2*p**3. Give m(-2).
-7
Let m(k) be the second derivative of -k**6/90 + k**5/40 - k**4/24 + 3*k**3 + 3*k. Let s(v) be the second derivative of m(v). Determine s(2).
-11
Suppose -2*d - 5*k = 8, k = 4*d - 10 - 18. Suppose -d*m = -m. Let o(h) be the second derivative of h**4/12 - 5*h**2/2 - 4*h. What is o(m)?
-5
Let c(l) = 2*l**3 - 2*l**2 - l. Suppose -3*r - 2*d - 5 = 0, -5*r - 4*d + 8 = 17. Calculate c(r).
-3
Let m(y) be the third derivative of y**5/30 - y**4/12 + y**3/6 + 3*y**2. Suppose -12 + 24 = 6*f. Calculate m(f).
5
Let p(t) = -8*t + 3. Let l(s) = 7*s - 4. Let r(n) = -7*l(n) - 6*p(n). Determine r(7).
3
Let v be (-5)/5*-3*(-26)/6. Let c be (v + 11)*(-6)/(-4). Let p(h) = h + 1. What is p(c)?
-2
Let y(u) = u**3 + 5*u**2 + 3*u - 2. Let s(m) = -m**3 - 14*m**2 - m - 19. Let b be s(-14). Give y(b).
-17
Let u(a) = a**2 - 2. Let p(r) = -r**2 - 13*r + 14. Let t(w) = p(w) + 2*u(w). Determine t(11).
-12
Let g = 14 - 10. Suppose 0 = -3*c - 6 - 9. Let w(y) = -7*y**2 + 12*y - 8. Let m(s) = 3*s**2 - 6*s + 4. Let o(z) = c*m(z) - 2*w(z). Calculate o(g).
4
Let j be 5 - (-3 + 2 + 4). Suppose -5*f = -j - 8. Let u(v) = v**3 - v + 1. Determine u(f).
7
Suppose 4*z = -u - 25, 7*z - 4*u + 26 = 2*z. Suppose -5*x + w + 3*w = -20, -5*x = -2*w - 20. Let v(h) = x + 0*h - h + 0*h. What is v(z)?
10
Let c = 0 + 2. Suppose 5*p + 4*z = 32, -c*p + 1 = 2*z - 11. Let y(x) = 4*x - 3 + 272*x**2 - 273*x**2 + 4*x. What is y(p)?
-3
Let b be -1*27/(3 - 6). Suppose b*l + 4 = 5*l. Let i(m) = -11*m**3 - 1 - 2*m**3 - 3*m**3 + 0*m - m. Determine i(l).
16
Let y(a) be the second derivative of -a**3/2 + 3*a**2/2 - 6*a - 1. What is y(5)?
-12
Let y be -2*(-12)/20*(-20)/(-8). Let n(m) = -2*m - 9. Calculate n(y).
-15
Let y(o) = -5*o - 20. Let i be y(-5). Le